 prime number?
True
Is 825913409 a composite number?
False
Is 3190320677 composite?
True
Is 52838438321 a prime number?
True
Is 46811453 a composite number?
True
Is 8080174391 a composite number?
True
Is 18666366569 composite?
False
Is 1488652657 a prime number?
True
Is 7441142237 a composite number?
True
Is 11080535399 composite?
True
Is 3249765733 prime?
False
Is 15819465043 prime?
False
Is 23788016957 prime?
True
Is 971834043 a prime number?
False
Is 22127773799 prime?
True
Is 895344859 prime?
True
Is 292616197 prime?
True
Is 14586771359 prime?
True
Is 365135827 composite?
True
Is 2755666267 composite?
False
Is 1781842711 prime?
False
Is 485284619 a prime number?
False
Is 174772487 a prime number?
False
Is 815300443 a composite number?
True
Is 1566951541 prime?
True
Is 240797041 prime?
False
Is 782546570171 prime?
True
Is 2173411349 a composite number?
True
Is 5242977919 composite?
False
Is 189019737659 a prime number?
True
Is 2208911273 composite?
False
Is 4182553051 a composite number?
False
Is 2150873657 a prime number?
False
Is 3590406289 a prime number?
False
Is 11356423201 a prime number?
False
Is 711237143 a prime number?
False
Is 521673773 composite?
False
Is 744579401 prime?
False
Is 40586350201 composite?
False
Is 23901359 composite?
False
Is 11258903333 a prime number?
True
Is 19099385627 composite?
True
Is 64160352649 a prime number?
False
Is 7580052629 a prime number?
True
Is 18828665143 a composite number?
True
Is 5649115051 a composite number?
True
Is 101746891 composite?
False
Is 1559585354 a composite number?
True
Is 4044382861 prime?
True
Is 1641940051 a composite number?
False
Is 781337693 a prime number?
False
Is 23175475603 a composite number?
True
Is 69227065513 composite?
False
Is 37595239 a prime number?
False
Is 19174302646 prime?
False
Is 5838436237 composite?
False
Is 48246272839 a composite number?
False
Is 138049906 a prime number?
False
Is 21589519 a composite number?
True
Is 111405718961 prime?
False
Is 117762805 composite?
True
Is 69114673 composite?
True
Is 576860777 composite?
False
Is 4804160891 a composite number?
True
Is 2114927497 composite?
False
Is 947727911 prime?
False
Is 221293291 a composite number?
False
Is 30673196861 a composite number?
False
Is 7336347101 a composite number?
False
Is 67645088087 a composite number?
True
Is 4847749477 prime?
False
Is 30684209 prime?
True
Is 1006823159 prime?
False
Is 144435481787 a prime number?
False
Is 6248260093 a prime number?
True
Is 13210730327 prime?
True
Is 1924875587 a prime number?
False
Is 1999497853 prime?
False
Is 824352619 a composite number?
True
Is 65368301431 composite?
True
Is 6042616054 composite?
True
Is 11728755529 prime?
False
Is 154403765729 a composite number?
False
Is 5099141699 a prime number?
False
Is 36622170371 prime?
False
Is 16828241179 a prime number?
True
Is 137891054323 prime?
False
Is 4636686289 a composite number?
False
Is 1509138223 prime?
True
Is 174560887 prime?
False
Is 10620289133 a prime number?
True
Is 12784269037 prime?
True
Is 3288626903 a composite number?
True
Is 52365933011 a composite number?
True
Is 4883471891 a prime number?
False
Is 182519159717 composite?
True
Is 43608959879 composite?
False
Is 2457574367 prime?
True
Is 17670922559 a composite number?
True
Is 927923287 a prime number?
True
Is 10681408681 composite?
True
Is 10078827599 prime?
False
Is 2493160927 prime?
True
Is 583522763 prime?
False
Is 696661333 a composite number?
True
Is 197584771 composite?
False
Is 11794591927 prime?
True
Is 12038714827 composite?
True
Is 2648628309 prime?
False
Is 632037127 composite?
True
Is 5302166399 a composite number?
True
Is 19797181 a composite number?
True
Is 296078759 prime?
True
Is 2654942253 a prime number?
False
Is 80536210607 composite?
True
Is 27158065061 composite?
False
Is 74397887951 composite?
False
Is 3270902321 a composite number?
False
Is 5909495261 prime?
True
Is 6226640089 a prime number?
True
Is 10588987103 a prime number?
False
Is 530968507 a prime number?
True
Is 42543264877 composite?
False
Is 107023190543 a composite number?
False
Is 63518891497 prime?
True
Is 1286389151 a composite number?
False
Is 66002459 prime?
True
Is 81518202947 prime?
False
Is 4940110433 prime?
True
Is 1423749419 prime?
True
Is 2009659261 composite?
False
Is 15351509623 a composite number?
False
Is 62345861342 prime?
False
Is 17442204991 prime?
False
Is 150719898277 a prime number?
False
Is 218521539409 a composite number?
False
Is 132784829 a composite number?
False
Is 14718167 composite?
True
Is 61806778651 prime?
True
Is 15462821537 prime?
False
Is 870716527 a composite number?
False
Is 6077576861 a composite number?
True
Is 5827944569 prime?
True
Is 23147994281 prime?
True
Is 14690812841 prime?
True
Is 4186710727 a composite number?
False
Is 938121161 a composite number?
False
Is 382719647467 a composite number?
True
Is 792603079 composite?
True
Is 7769734783 prime?
True
Is 176494099279 a prime number?
True
Is 60259692011 composite?
False
Is 1910209439 a composite number?
True
Is 2494051465 composite?
True
Is 933351997 prime?
True
Is 9609951931 a prime number?
False
Is 1682190898 a prime number?
False
Is 654664523 prime?
True
Is 26778071 a prime number?
False
Is 33496937711 a prime number?
True
Is 3472110079 a composite number?
True
Is 2743234363 a composite number?
False
Is 11620542809 a composite number?
False
Is 77887814891 prime?
False
Is 13183115293 a composite number?
False
Is 495161221 composite?
True
Is 108669719 prime?
True
Is 4158860395 prime?
False
Is 293849291 a composite number?
False
Is 48764038987 composite?
False
Is 11879028017 a composite number?
True
Is 3651770711 composite?
False
Is 327596419 prime?
True
Is 4933820809 prime?
False
Is 63696334397 a prime number?
True
Is 7262219487 prime?
False
Is 15838259159 a composite number?
False
Is 25738222357 composite?
True
Is 50372760947 composite?
False
Is 39626960449 a composite number?
True
Is 389251029 a composite number?
True
Is 19516033289 composite?
True
Is 3414921149 prime?
False
Is 16024323041 a prime number?
False
Is 749625362 composite?
True
Is 764945099 a composite number?
False
Is 1121524841 a prime number?
False
Is 12524694757 a composite number?
True
Is 44207399 prime?
True
Is 158086127 a prime number?
False
Is 377124557 composite?
True
Is 901227169 prime?
True
Is 798430319 a composite number?
True
Is 3810887473 prime?
True
Is 1969879 a composite number?
True
Is 108557324587 composite?
False
Is 498244111 composite?
False
Is 1811234939 composite?
False
Is 1168591603 a composite number?
False
Is 4600792379 a composite number?
False
Is 153225811 a prime number?
False
Is 33257860123 prime?
True
Is 38360015885 prime?
False
Is 87989268581 a composite number?
True
Is 22894643129 prime?
False
Is 82300549 prime?
True
Is 31701920749 a composite number?
True
Is 27177120337 a prime number?
True
Is 840583169 a composite number?
True
Is 171641983193 composite?
True
Is 3154774423 a prime number?
True
Is 62668890313 composite?
False
Is 4781136473 a prime number?
True
Is 1019863729 prime?
True
Is 45529308155 a composite number?
True
Is 60768655247 a composite number?
False
Is 6579549973 a composite number?
False
Is 2414560111 a prime number?
True
Is 3494788819 composite?
False
Is 46503593 a composite number?
False
Is 101983953221 a composite number?
False
Is 1386216267 composite?
True
Is 366381517 a composite number?
False
Is 38044756403 prime?
True
Is 623877799 a composite number?
True
Is 28076579437 a prime number?
True
Is 3074677 a prime number?
True
Is 836237309 composite?
False
Is 1071937619 prime?
False
Is 11828034173 a composite number?
True
Is 118211419289 composite?
False
Is 160270709789 a prime number?
True
Is 2483248793 prime?
True
Is 997925443 composite?
False
Is 57064067285 a composite number?
True
Is 8831072521 prime?
False
Is 30107347619 composite?
True
Is 862577479 a prime number?
False
Is 115829619797 composite?
False
Is 24567098383 composite?
False
Is 6720371243 a composite number?
True
Is 8798875409 composite?
False
Is 507952969 a composite number?
True
Is 8072378213 composite?
False
Is 3018318559 a composite number?
True
Is 18050453 prime?
False
Is 76158091 a composite number?
False
Is 143514622417 a prime number?
False
Is 23167198801 